 What is the highest common factor of o and 20?
10
Let f be (-9)/(-5) - 1/(-5). Suppose 390 = 3*h + 2*l, 0 = f*h + 2*l + l - 255. Let d = -4 + 16. Calculate the highest common factor of d and h.
12
Suppose -219 = -3*l - 0*l + 3*c, 3*l = -5*c + 195. Calculate the greatest common factor of l and 28.
14
Suppose -4*y + 3*k + 95 = 0, 5*y - 5*k = 1 + 124. Let s(x) = 2*x**2 + 4*x - 8. Let b be s(-6). What is the greatest common factor of b and y?
20
Let n = 2 - -2. What is the highest common divisor of 36 and n?
4
Let y = 50 - -58. Calculate the greatest common divisor of y and 24.
12
Let h(t) = -10*t - 5. Let c(d) = -d**3 + 2*d**2 + 3*d - 2. Let v be c(3). Let j be h(v). Calculate the highest common factor of 120 and j.
15
Let q(o) = o - 3. Let c be q(3). Suppose 0 = 4*f - c*f - 84. What is the greatest common factor of f and 3?
3
Suppose -v = 3*v - 5*b - 114, -103 = -3*v - 5*b. Suppose -4*g + 37 = -v. Suppose -4*u + 334 = -74. Calculate the highest common divisor of g and u.
17
Let d(v) = -v**3 + 16*v**2 - 13*v + 8. Let z be d(15). Calculate the highest common divisor of z and 95.
19
Suppose -4*f + 2*f + 50 = 0. Suppose 0*b = b - f. What is the greatest common divisor of b and 25?
25
Let g be 14 + ((-28)/(-4) - 3). What is the highest common factor of 2 and g?
2
Suppose 0 = -3*b - u + 17, 0 = -b + 6*b - u - 15. Let o = -3 + b. Let f be o + 22 - (1 + 0). Calculate the highest common divisor of 2 and f.
2
Let y(x) be the first derivative of -x**4/2 - 4*x**3/3 - 4*x - 3. Let w be y(-3). Let a be (16 + (2 - 4))*1. Calculate the highest common factor of w and a.
14
Suppose 3*p = -0*p + 21. Let i(x) = x - p*x**2 + x**2 + x + 3*x**3 + 4. Let u be i(4). Calculate the highest common divisor of 12 and u.
12
Let a = -7 + 7. Suppose a*k = -2*k + 32. What is the highest common factor of 24 and k?
8
Let q = -53 - -76. What is the greatest common divisor of q and 23?
23
Let a = -6 - 42. Let n be a/(-5) - (-2)/5. Suppose -5*d - 275 = -n*d. What is the highest common divisor of d and 5?
5
Let u be 2 - 0/(-2) - -82. What is the greatest common factor of u and 126?
42
Suppose 5*o = 75 + 5. Let i = -16 + 56. Calculate the highest common divisor of i and o.
8
Let a = -1 - -9. Suppose 4*o = -q + o + 9, 0 = q + 2*o - a. What is the highest common divisor of q and 30?
6
Let w be -2 - -4*10/4. Let j = -15 - w. Let b = j - -33. What is the highest common factor of 30 and b?
10
Let g(t) = 4*t - 7. Let o be g(3). What is the greatest common factor of 55 and o?
5
Let h(c) = c**3 - 12*c**2 + 12*c - 3. Let l be h(11). Let o = 81 - 57. Calculate the greatest common factor of o and l.
8
Let d(n) = n**2 + 17*n - 69. Let u be d(-23). Calculate the highest common divisor of u and 115.
23
Suppose 0 = -5*o + 1 + 24. Suppose 0 = -k + o*k - 16. Let x be -1 + 6 + k + -2. Calculate the greatest common factor of 14 and x.
7
Let v = -41 + 68. Suppose 3*l = -0*l + v. What is the greatest common factor of l and 18?
9
Suppose p - 3 + 7 = 0. Let s be p*75/24*-2. Calculate the greatest common factor of 10 and s.
5
Let m be 15*5*1/3. Suppose 2*d - 113 = -2*p + 97, 0 = 3*d + p - 305. What is the greatest common divisor of m and d?
25
Let w(g) = 2*g. Let z(o) = -6*o + 1. Let s(t) = -2*w(t) - 2*z(t). Let y be s(2). Calculate the highest common factor of 56 and y.
14
Suppose 5 = v, -26 - 6 = -2*n - 4*v. Suppose j + c - 22 = 0, 2*c - 110 = -n*j + j. What is the greatest common divisor of 176 and j?
22
Let c(o) = 40*o**3 - 2*o + 1. Let j be c(1). Let f(i) = -i**3 - 11*i**2 + 13. Let n be f(-11). Calculate the highest common factor of j and n.
13
Let v(i) = i**3 + 9*i**2 + 3*i - 4. Let y be v(-8). Calculate the highest common factor of 54 and y.
18
Let f be 1/((8/(-10))/(-4)). Suppose -f*o + 49 = -11. What is the greatest common factor of 96 and o?
12
Let d = -175 + 429. Let k = d + -457. Let s = -128 - k. What is the greatest common divisor of s and 15?
15
Suppose -5*p = -10, d + 0*p = -p + 5. Let a = d + 3. Suppose w = 3 + a. Calculate the highest common factor of w and 3.
3
Let k(w) = -40*w - 6. Let x be k(-5). Suppose -36 = -g + 2*a + 20, 4*g = -2*a + x. Calculate the greatest common factor of g and 20.
10
Let b = -13 + 20. What is the greatest common divisor of 35 and b?
7
Let c(i) be the first derivative of -i**2 + 21*i - 7. Let h be c(0). What is the greatest common divisor of 21 and h?
21
Suppose -3*c = -5*a - 17, -20 = 4*c - 6*c - a. What is the highest common factor of 63 and c?
9
Let a be 7*2*(-9)/(-18). Suppose 4*c + 18 = a*c. Suppose 0*f + 8 = -2*f, -4*f = -3*j + 178. What is the highest common divisor of j and c?
6
Suppose -167 = -4*a + 1. Let s = a + -25. What is the highest common divisor of s and 51?
17
Let a be (1 - -2) + (-168)/(-4). Let t(k) = -k - 6. Let i be t(-5). Let p be (-1 + 2)*(i - -19). Calculate the greatest common factor of p and a.
9
Let x be (-16)/(-6)*198/4. Let o = -12 + x. What is the greatest common divisor of o and 15?
15
Let p(z) = -z - 7. Let n be p(3). Let d = 17 + n. Calculate the highest common divisor of d and 63.
7
Suppose 3*c - 37 = -8*k + 3*k, 5*c = 20. Suppose 0 = k*s - s - 8. Calculate the greatest common divisor of s and 18.
2
Let p(r) = -r**3 + 2*r**2 + 16. Let d be p(-6). What is the greatest common divisor of d and 38?
38
Suppose 5*n = n + 48. Let x = 9 - 5. Suppose -3*y = b + 2*y - 33, -x*b - 2*y + 42 = 0. What is the highest common divisor of n and b?
4
Let x be (5 - 0) + -1 + 1. Let i = x + -1. Let g(k) = -k**3 - 5*k**2 + 5*k. Let r be g(-6). What is the highest common divisor of r and i?
2
Let c(m) = m**3 + 7*m**2 + 9*m + 2. Let d be c(-6). Let n be ((-6)/(-3) + -3)*d. Calculate the greatest common factor of 176 and n.
16
Let l be 12/1*(-2)/(-4). Let y(j) = 6 + 4 + j - 2 + 9. Let q be y(-8). Calculate the highest common factor of q and l.
3
Suppose 2*n = -2*h + 50, -2*n = -4*h + 73 + 3. Suppose 24 = -q + 4*q. Suppose -q + 22 = p. What is the greatest common divisor of h and p?
7
Suppose v + 2*v = 2*m - 69, 4*m = -v + 117. What is the greatest common divisor of 30 and m?
30
Let v = -18 - -21. Suppose -h = -t + 2, 5*h + v = 2*t - 1. What is the greatest common divisor of t and 10?
2
Let c be (-5 + 12)/((-2)/(-10)). Calculate the greatest common divisor of 5 and c.
5
Suppose 5*k - 3*a = 19, 12 = 5*k + a - 15. Suppose 4*y + 4 = 2*i - 2, -k*i = -3*y - 36. Calculate the highest common divisor of 9 and i.
9
Let z be ((-22)/6)/((-14)/882). What is the highest common divisor of 33 and z?
33
Let i(o) = 51*o**2 - 2*o + 1. Let l be i(1). Let c be -30*(8/6)/(-2). Calculate the highest common divisor of c and l.
10
Suppose 0 = q + q - 10. What is the greatest common factor of q and 2?
1
Let p(d) = -d**3 + 9*d**2 - d + 1. Let i be p(9). Let l = i - -14. Let k(f) = f**2 + 7*f + 9. Let y be k(-7). What is the highest common divisor of l and y?
3
Let h(d) = -d**3 - d**2 + d - 56. Let v be h(0). Let n be (-592)/v + 6/14. Calculate the greatest common divisor of 99 and n.
11
Let t(a) be the second derivative of -a**5/20 + 5*a**4/6 - 5*a**3/2 + 2*a**2 + 3*a. Let m be t(8). Calculate the greatest common divisor of m and 18.
6
Suppose -3*t + 2*q + 8 = 0, 5*t - 9 + 2 = -3*q. Let i be 5 + -3 + 6/t. What is the greatest common factor of i and 45?
5
Suppose -j + 196 = -0*j. Calculate the greatest common factor of j and 28.
28
Let h be 22/8 - (-1)/4. Suppose 5*i = h*i. Let y = i + 1. What is the greatest common factor of y and 8?
1
Let p be -3*2/(-6) + 41. Suppose 3*d + 9 = -0*d, 2*f = 5*d + 157. Suppose -5*k = -0*z - z - f, -3*k - z = -41. Calculate the highest common divisor of p and k.
14
Let h(i) = -6*i**2 + i**2 + 4*i**2 - 9*i - 5. Let s(d) = 5*d**3 - d - 1. Let q be s(-1). Let t be h(q). Calculate the greatest common factor of t and 45.
15
Let o = -424 + 430. Let u = 92 + -38. Calculate the highest common factor of u and o.
6
Let c = 2 + 1. Let i(r) = -c + 4*r**2 - 4 + 5 + r. Let n be i(-2). Calculate the greatest common divisor of 12 and n.
12
Suppose -6*n - 6 = -8*n. Suppose -m = -5*p + 34 + 35, -p - n*m = -17. Calculate the highest common factor of p and 7.
7
Suppose -4*p = -2*a - p + 31, -5*a + 2*p + 94 = 0. What is the greatest common factor of 140 and a?
20
Suppose 12 = -k + 3*v, -2*v + 13 = k - 0*k. Let t = 151 + -148. Calculate the greatest common divisor o